 14 - 5?
-9
What is -2 - (2 + 1 + -3)?
-2
Evaluate -9 + (-10 - -14) + -2.
-7
(0 - 1 - -6) + -12 + 5
-2
What is -3 - -4 - ((-1 - -1) + -5)?
6
What is the value of -10 + 0 + 10 + 4?
4
What is the value of 2 + (-2 + 1 - (31 + -25))?
-5
What is the value of 3 - (5 + (-10 - 0)) - 7?
1
What is the value of -3 + (11 - -2) - (27 + -25)?
8
Calculate (-3 - 1) + 0 + -8 + 19.
7
What is the value of 4 - ((10 - 7) + -4)?
5
What is -11 - (-12 - 3 - -7)?
-3
What is 68 - 70 - (-1 - 2)?
1
What is the value of 13 + 2 + -8 - 1?
6
Calculate -1 + 5 + (-4 - 1) + 1.
0
What is (1 - 7) + -3 + 4?
-5
Evaluate -11 + -8 + 4 + 11.
-4
What is 1 - (3 - 7 - 2) - 0?
7
What is (8 - 5) + (-6 - -7)?
4
6 - 0 - (-64 + 67)
3
Evaluate (-3 + 2 - -2) + -3 - -7.
5
Calculate -17 + 30 - (4 + 11).
-2
What is the value of 0 + -5 + (-55 - -63)?
3
What is the value of 10 - (12 + (-4 - -5))?
-3
Evaluate 8 + -15 + 7 - 0.
0
Evaluate -1 - (2 - (-1 + 7)).
3
Calculate (0 - 2) + 0 + -1.
-3
35 + -33 + 1 + -2
1
(-15 + 6 - 10) + 8
-11
What is the value of 8 - -2 - (1 - (-5 - -2))?
6
Calculate 0 + -2 + (1 - 3).
-4
Evaluate -1 + -1 + (4 + -3 - 1).
-2
Evaluate 0 + 7 + -8 + -2 + 8.
5
Evaluate 5 + 11 + -15 - (5 + 0).
-4
What is the value of 12 - (2 - (11 - 12))?
9
(-4 - 6) + (33 - 19)
4
Evaluate -9 + 18 + 2 - 10.
1
-2 - (-3 - -6 - 8)
3
Calculate 12 + -7 + -5 + 5.
5
(6 + -2 - (6 + -7)) + -6
-1
Evaluate -3 - -5 - (-1 + (4 - 1)).
0
What is (-30 + 6 - -9) + 12?
-3
Evaluate (1 + 3 - 1) + 9 + -8.
4
Calculate 2 + -3 + (-19 - -28).
8
What is the value of 8 - ((7 - -19 - 1) + -6)?
-11
Calculate -4 + (5 - -6) - 4.
3
What is -1 + (-11 - (-12 + 5))?
-5
What is -5 + 6 + -3 + 3 + 3?
4
What is 4 - (5 - (1 + (-7 - -10)))?
3
What is the value of 0 + 2 - (3 + -1 + -7)?
7
Evaluate 2 - (0 - -1 - 0 - -2).
-1
12 - (2 - (0 - 5))
5
1 + (3 - (-1 - -4))
1
What is the value of -55 - -43 - (-2 + -8)?
-2
What is -1 + 7 + -3 + 4?
7
What is -8 + 13 - (0 + (0 - -2))?
3
What is the value of (-16 - -13) + (4 - 1)?
0
(-3 - (-2 - 1)) + -2 + -1
-3
What is 3 - -2 - (7 + 1 + -5)?
2
11 - (2 + 7 - 2) - 11
-7
Evaluate (1 - 1) + (-4 - (5 - 11)).
2
(5 - 4 - -4 - 0) + -3
2
Calculate 8 - 11 - ((1 - 8) + 3).
1
-2 - (2 + -3 + 1) - 1
-3
Calculate 3 - -1 - (7 - 6) - 4.
-1
Calculate (9 - 4 - -3) + 0.
8
What is the value of (3 - (-4 - -11)) + -10 + 16?
2
Evaluate 11 - (-5 - -10) - 10.
-4
-16 + 7 + 6 + 4
1
What is the value of (16 - (3 + 7)) + -14?
-8
Evaluate 4 - (-13 + 7 - (0 + -13)).
-3
5 - (15 - (17 - 6))
1
What is 6 - (-5 - (-13 + 7))?
5
(-5 - -3) + 1 - (1 + -5)
3
What is the value of (-4 - -16) + (12 - 24)?
0
What is the value of 1 + -3 - (-9 - (-9 - -3))?
1
What is the value of -5 + (7 - (-6 + -2 - -3))?
7
Calculate 11 + 12 + -14 + (0 - 20).
-11
(-9 - -1) + -1 + (-37 - -42)
-4
What is the value of -1 + 4 + (-2 - -4)?
5
5 - ((11 - 15) + 6)
3
What is 2 + 1 + 5 - 4?
4
Evaluate 0 + 3 + -3 - 2.
-2
Evaluate 7 + -13 - (1 + -4).
-3
What is the value of (-2 - 0) + (-4 + 0 - -7)?
1
(-1 - 1) + 0 + 0
-2
What is -5 + 9 - (3 - (3 + -2))?
2
Evaluate -21 + 16 - (0 + (2 - 6)).
-1
Calculate (37 - 25) + 3 + -24.
-9
Evaluate (1 - (5 + 1 + -3)) + 6.
4
(-2 - -6) + (-2 + 4 - -1)
7
What is (9 + -3 - 5) + 1?
2
14 - (9 - -4) - -8
9
-6 + 0 + 2 - (-11 + 7)
0
-2 + (-3 - -2) - (-1 + 2)
-4
What is the value of (7 - (7 + -4)) + 2?
6
What is 0 + 1 - 1 - (-13 - -11)?
2
Evaluate (5 + -1 + -3 - 0) + -3.
-2
(1 - 1) + (0 + 3 - 0)
3
Calculate 0 - (3 + (-1 - 7) + 5).
0
Evaluate -4 + (5 + 1 - 4) + -6.
-8
What is -3 + (0 - -1) + 1?
-1
Calculate (0 - -3 - -4) + -1.
6
Evaluate (6 - (-1 - -3)) + -2.
2
What is (1 - (3 - 1 - 2)) + 1?
2
What is 0 + ((-2 - 0) + -1 - 0)?
-3
What is the value of -3 + 5 + 2 - (3 + 6)?
-5
Evaluate -2 - 3 - (11 - 14).
-2
Evaluate (6 - 0) + (-1 - (-4 - -8)).
1
What is 0 - -1 - -3 - -1?
5
What is the value of 4 - 6 - (5 - 10)?
3
What is -2 + 2 - -21 - 11?
10
Calculate 9 - (-5 - (-17 + 10)).
7
What is the value of -2 - (2 + -11) - 2 - 0?
5
0 + (4 - 9 - -7)
2
What is 4 - -9 - (5 - (3 - 5))?
6
What is the value of -4 + (-2 - 5 - (-1 - 6))?
-4
What is (-20 + 9 - -9) + -1?
-3
Evaluate 3 + -12 - (-2 + -6).
-1
Calculate 4 - (-3 - (0 + -1 + -2)).
4
-4 + -5 + (1 - -5)
-3
Calculate 5 - 1 - (11 + 1 + -5).
-3
What is 1 + -1 + 11 + -13?
-2
Calculate -12 - -17 - (-1 + 0 - -1).
5
Calculate (-9 + 5 - (2 - 2)) + -3.
-7
Calculate 3 + -4 + -3 + 4 - -2.
2
Evaluate -4 - (2 + 0 + -3).
-3
Evaluate -9 + 0 - (-50 - -36).
5
What is the value of 2 + 1 + (-7 - 1)?
-5
Calculate (4 - (-5 + 5)) + -4.
0
(4 + -8 - 1) + 4
-1
-1 + -4 + 4 - -9
8
What is the value of (-5 - -1) + 1 + 2?
-1
What is 5 - ((0 - (-3 + 1)) + 4)?
-1
Evaluate (-6 - -3) + 1 + -3.
-5
What is the value of 8 + -8 + (-8 - -5)?
-3
-6 + (-7 - -13) + 2
2
What is the value of (17 - (-6 - -19)) + 0 + 1?
5
-1 + -3 + 5 + 4
5
Evaluate -4 - -2 - (3 + 0 + -7).
2
Calculate -7 + (3 - -2) - -1.
-1
3 - (-14 - -11) - (5 - 0)
1
-4 + 2 - 1 - -12
9
Calculate (-7 - -6) + 5 + (-8 - 1).
-5
What is -7 + 2 + 1 + 2?
-2
What is the value of (4 - 1 - (5 - 1)) + -2?
-3
Evaluate 1 + 7 - (-2 + 10).
0
Evaluate -2 - -1 - (-5 - (-2 - 1)).
1
-3 + (-2 - 3 - -9)
1
Evaluate (8 - (6 - -3)) + 7.
6
Calculate (3 - (7 - (-3 - -6))) + 0.
-1
Evaluate 0 - ((2 - -1) + (1 - 1)).
-3
Calculate -3 - (-2 + 0 + 9 - 7).
-3
(7 - 1) + (-8 - 4)
-6
Evaluate 3 + (-1 - 2) + (-1 - 3).
-4
-1 + 0 + -2 + (-48 - -57)
6
What is -1 + 2 + -2 + 2 + -6?
-5
9 + (-12 - -7) - (-3 + 16)
-9
Evaluate -7 - (10 + -11 - 3).
-3
-7 - -20 - (-1 + (2 - -5))
7
What is the value of 2 + (4 - 3) - 5?
-2
Evaluate 8 + -2 + 5 - (4 - -2).
5
Evaluate -8 - -6 - (0 + -1 + 4).
-5
(13 - 4) + -5 + -1
3
Evaluate 4 - (2 - (2 + -4 + -3)).
-3
Evaluate 0 - -5 - (-9 - (-3 + -6)).
5
-10 + 11 + -11 - -4
-6
What is (3 - 1) + (2 - -1) - 2?
3
Evaluate 11 - 3 - (-5 + 6 + 6).
1
What is the value of 9 - 7 - (3 + 1) - -8?
6
-2 + 1 - (-51 + 48) - 0
2
-1 + (0 - -3) + -40 + 36
-2
What is -8 + 7 - (1 + -2)?
0
Evaluate (11 - -1) + (-5 - 14).
-7
Calculate (-9 - 0) + -24 + 38.
5
Calculate 12 - (10 + -7) - 8.
1
What is -12 + 12 + -6 + (4 - -1)?
-1
Calculate -4 - (0 + 6 + (-49 - -46)).
-7
What is (-5 + 15 - 3) + -6 + 0?
1
4 - (1 + 1 + 0) - 6
-4
0 + (4 + 0 - (-9 + 20))
-7
What is the value of (-4 - -21) + -7 + -10?
0
Evaluate 2 + 4 + -10 + -2.
-6
What is 21 + -25 + (-2 + -1 - 0)?
-7
Evaluate -8 + 1 + 7 + -6.
-6
-4 + (9 - ((-1 - -8) + -2))
0
-5 + (-7 + 0 - -3) + 6
-3
What is -1 + -6 + 10 + 4?
7
Calculate 9 + (2 - 1) + 50 + -51.
9
Calculate -1 + 1 + 12 + -10.
2
Evaluate 7 - ((-1 - 0) + (-17 - -22)).
3
Calculate 0 - ((4 - (-1 + 2)) + -3).
0
What is the value of (-4 - -2) + 0 + (-2 - -1)?
-3
6 + -2 - (1 - (6 - 2))
7
What is the value of (4 - (4 - 2) - 0) + 3?
5
What is 7 - (3 + -2 + 7)?
-1
Evaluate 1 - 4 - (2 - 3).
-2
4 - (2 - 1 - (-3 - -1))
1
Calculate 2 + 4 - (8 + 7 + -6).
-3
Calculate 6 - -1 - (4 - 0) - 4.
-1
What is the value of -1 + -1 + -3 + 2?
-3
What is -5 + 8 + -4 + 0 - 2?
-3
What is (2 - 3) + 1 + 5?
5
What is the value of -20 - -22 - (3 + -8)?
7
Calculate 8 + -1 + (1 - 6) + 1.
3
What is the value of 4 + 1 + (-3 - (3 + -2))?
1
What is the value of -5 + (4 - (8 - 4 - 4))?
-1
0 - (-4 - (1 - 2))
3
(11 - (0 + 1)) + -16 + 15
9
Calculate 2 - -4 - (4 + 8).
-6
What is -5 + 17 + -4 + 1?
9
12 + 11 + (-4 - 26)
-7
3 + (7 - (3 + -1 - -3))
5
What is the value of -7 - ((-3 + -3 - 1) + 3)?
-3
What is 1 + 0 + (4 - 2)?
3
26 + -19 - (1 - -3 - 0)
3
What is the value of -1 + 5 - (-1 - (20 - 24))?
1
What is the value of -5 + 2 + (6 - 4)?
-1
What is the value of 5 + (6 + -10 - (11 + -2))?
-8
What is the value of (-1 - (-3 + 3)) + 3?
2
What is the value of 7 + -3 + 8 + -7?
5
Calculate 1 - (-4 + (11 - 4)).
-2
Evaluate -3 + (-2 - -24) + -12.
7
Calculate (1 - (-1 - -6)) + 4.
0
What is the value of 4 + -6 + (0 - -4)?
2
What is the value of -3 - (-2 - 2 - (-7 - -4))?
-2
What is (-2 + 25 - 9) + -25?
-11
(12 - 4 - 4) + 1 + -1
4
Evaluate -4 + -11 - (0 + -9).
-6
What is the value of -1 + 2 - (-1 - -4)?
-2
1 + -2 + 2 + 1
2
Evaluate 6 + 0 - (41 + -40).
5
Evaluate -2 - -1 - (-1 + 2).
-2
What is the value of (0 - 1) + 3 + 4 + -4?
2
What is (1 - -7) + -2 - (-129 - -143)?
-8
What is -32 - -32 - (-3 + -3)?
6
Calculate 4 + -8 + 6 - 0.
2
Evaluate (-2 - 2) + 0 + 4 + -1.
-1
Calculate 5 - (0 - 3 - (18 - 19)).
7
Calculate (-1 - -1) + -2 + 1 + -1.
-2
What is -5 + 8 + 1 + -2?
2
8 + -1 + (-4 - 0) 